rs of 3306383?
61, 67, 809
List the prime factors of 509017.
521, 977
List the prime factors of 4331229.
3, 7, 206249
List the prime factors of 547391.
13, 41, 79
What are the prime factors of 3003822?
2, 3, 109, 1531
What are the prime factors of 68730?
2, 3, 5, 29, 79
What are the prime factors of 9238716?
2, 3, 353, 727
What are the prime factors of 7359953?
2129, 3457
What are the prime factors of 425066?
2, 283, 751
What are the prime factors of 2386350?
2, 3, 5, 5303
What are the prime factors of 1010543?
43, 71, 331
List the prime factors of 7102537.
13, 546349
What are the prime factors of 888585?
3, 5, 59239
List the prime factors of 488894.
2, 7, 47, 743
What are the prime factors of 1201937?
11, 109267
List the prime factors of 902170.
2, 5, 90217
What are the prime factors of 91036?
2, 11, 2069
What are the prime factors of 6866370?
2, 3, 5, 7, 173
What are the prime factors of 22126092?
2, 3, 23, 80167
What are the prime factors of 32287231?
1487, 21713
What are the prime factors of 10256392?
2, 97, 13217
List the prime factors of 14505372.
2, 3, 7, 2741
What are the prime factors of 11974587?
3, 31, 331, 389
List the prime factors of 332293.
13, 25561
What are the prime factors of 2870831?
2870831
What are the prime factors of 11807805?
3, 5, 787187
List the prime factors of 3582199.
47, 199, 383
List the prime factors of 2715179.
83, 32713
List the prime factors of 363204.
2, 3, 19, 59
List the prime factors of 6825312.
2, 3, 13, 1823
List the prime factors of 839888.
2, 7, 7499
What are the prime factors of 2324958?
2, 3, 387493
What are the prime factors of 411639?
3, 43, 3191
List the prime factors of 99679.
99679
What are the prime factors of 939149?
431, 2179
What are the prime factors of 1010364?
2, 3, 269, 313
What are the prime factors of 664628?
2, 166157
List the prime factors of 1415505.
3, 5, 7, 13, 17, 61
What are the prime factors of 391904?
2, 37, 331
What are the prime factors of 622066?
2, 311033
What are the prime factors of 6244715?
5, 29, 43067
What are the prime factors of 1123450?
2, 5, 22469
What are the prime factors of 1047451?
19, 29, 1901
List the prime factors of 1081273.
79, 13687
What are the prime factors of 246803?
246803
List the prime factors of 165412.
2, 13, 3181
What are the prime factors of 21427713?
3, 107, 7417
What are the prime factors of 2259500?
2, 5, 4519
What are the prime factors of 372584?
2, 46573
List the prime factors of 100403.
100403
What are the prime factors of 23011?
23011
What are the prime factors of 4682985?
3, 5, 312199
List the prime factors of 783512.
2, 37, 2647
List the prime factors of 832405.
5, 7, 17, 1399
List the prime factors of 184666.
2, 92333
What are the prime factors of 15794935?
5, 13, 242999
What are the prime factors of 111530?
2, 5, 19, 587
What are the prime factors of 1952268?
2, 3, 37, 4397
List the prime factors of 6441391.
11, 585581
What are the prime factors of 15957869?
15957869
List the prime factors of 506681.
7, 72383
What are the prime factors of 96831?
3, 7, 29, 53
List the prime factors of 248153.
29, 43, 199
List the prime factors of 9894402.
2, 3, 7, 19, 4133
List the prime factors of 137703.
3, 197, 233
What are the prime factors of 328578?
2, 3, 23, 2381
What are the prime factors of 178034?
2, 89017
What are the prime factors of 573080?
2, 5, 14327
List the prime factors of 4687143.
3, 1562381
What are the prime factors of 6734216?
2, 23, 36599
What are the prime factors of 3968059?
251, 15809
List the prime factors of 29146415.
5, 17, 342899
What are the prime factors of 329563?
13, 101, 251
What are the prime factors of 120706?
2, 60353
What are the prime factors of 845112?
2, 3, 23, 1531
List the prime factors of 75784.
2, 9473
List the prime factors of 695995.
5, 139199
List the prime factors of 1289820.
2, 3, 5, 7, 37, 83
What are the prime factors of 3728196?
2, 3, 103561
List the prime factors of 343777.
7, 67, 733
List the prime factors of 15364155.
3, 5, 1024277
List the prime factors of 31494222.
2, 3, 23, 127, 599
What are the prime factors of 727840?
2, 5, 4549
What are the prime factors of 321705?
3, 5, 2383
What are the prime factors of 1879191?
3, 208799
List the prime factors of 17159189.
17159189
List the prime factors of 3453885.
3, 5, 76753
What are the prime factors of 1413591?
3, 191, 2467
What are the prime factors of 1667527?
97, 17191
What are the prime factors of 2823991?
29, 97379
List the prime factors of 222289.
222289
List the prime factors of 833054.
2, 29, 53, 271
What are the prime factors of 12367240?
2, 5, 41, 7541
What are the prime factors of 59096?
2, 83, 89
What are the prime factors of 757623?
3, 252541
List the prime factors of 4263592.
2, 532949
What are the prime factors of 502220?
2, 5, 25111
List the prime factors of 184604.
2, 7, 19, 347
What are the prime factors of 1371163?
41, 53, 631
List the prime factors of 177405.
3, 5, 11827
List the prime factors of 222663.
3, 7, 23, 461
What are the prime factors of 89275?
5, 3571
List the prime factors of 2762241.
3, 181, 5087
List the prime factors of 792686.
2, 29, 79, 173
What are the prime factors of 18622760?
2, 5, 13, 59, 607
What are the prime factors of 275449?
275449
List the prime factors of 4452.
2, 3, 7, 53
List the prime factors of 323411.
11, 29401
List the prime factors of 291157.
23, 12659
List the prime factors of 6286537.
349, 18013
List the prime factors of 2691949.
13, 207073
What are the prime factors of 3246995?
5, 41, 47, 337
What are the prime factors of 44849?
7, 43, 149
What are the prime factors of 915206?
2, 193, 2371
What are the prime factors of 24513564?
2, 3, 2042797
What are the prime factors of 390731?
11, 35521
List the prime factors of 10258983.
3, 7, 43, 541
What are the prime factors of 138857?
191, 727
What are the prime factors of 11226030?
2, 3, 5, 31, 12071
List the prime factors of 142612.
2, 101, 353
What are the prime factors of 9865729?
17, 499, 1163
List the prime factors of 12947869.
11, 487, 2417
What are the prime factors of 3946048?
2, 61657
What are the prime factors of 202749?
3, 19, 3557
List the prime factors of 743480.
2, 5, 18587
What are the prime factors of 945489?
3, 17, 18539
List the prime factors of 431376.
2, 3, 11, 19, 43
List the prime factors of 1163454.
2, 3, 211, 919
What are the prime factors of 2252141?
1097, 2053
What are the prime factors of 1034384?
2, 13, 4973
List the prime factors of 1624743.
3, 23, 47, 167
What are the prime factors of 18968725?
5, 109, 6961
What are the prime factors of 8433713?
83, 101611
List the prime factors of 928745.
5, 185749
List the prime factors of 1141737.
3, 17, 61, 367
What are the prime factors of 2374548?
2, 3, 11, 17989
What are the prime factors of 19183051?
337, 56923
What are the prime factors of 1019729?
1019729
What are the prime factors of 19725589?
13, 79, 19207
What are the prime factors of 20759589?
3, 2306621
List the prime factors of 113466.
2, 3, 18911
What are the prime factors of 1228983?
3, 7, 43, 1361
What are the prime factors of 12687397?
1531, 8287
What are the prime factors of 3749258?
2, 1874629
What are the prime factors of 175364?
2, 7, 6263
List the prime factors of 2261212.
2, 565303
What are the prime factors of 106097?
17, 79
What are the prime factors of 797851?
797851
List the prime factors of 240550.
2, 5, 17, 283
List the prime factors of 1916065.
5, 163, 2351
List the prime factors of 138936.
2, 3, 7, 827
List the prime factors of 204979.
204979
What are the prime factors of 12831330?
2, 3, 5, 427711
What are the prime factors of 89779?
89779
What are the prime factors of 1183604?
2, 295901
List the prime factors of 4814326.
2, 11, 218833
What are the prime factors of 1561096?
2, 195137
List the prime factors of 10679181.
3, 71, 181, 277
What are the prime factors of 101517?
3, 13, 19, 137
What are the prime factors of 608356?
2, 7, 21727
What are the prime factors of 2800946?
2, 197, 7109
What are the prime factors of 32727?
3, 10909
List the prime factors of 29979.
3, 3331
List the prime factors of 375931.
375931
List the prime factors of 352611.
3, 7, 29, 193
List the prime factors of 386389.
67, 73, 79
List the prime factors of 205117.
11, 29, 643
List the prime factors of 3208593.
3, 31, 34501